*v**2 - 15405*v - 30798. Determine k(-2).
-4
Let c(j) = 4*j**3 - 421*j**2 + 518*j + 735. Give c(104).
527
Let x(z) = 141985*z - 4117586. What is x(29)?
-21
Let r(x) = x**2 + 613*x + 9574. What is r(-16)?
22
Let i(g) = -2*g**3 - 2*g**2 - 7*g - 35. Calculate i(-4).
89
Let o(d) = -9*d**3 - 199*d**2 + 15*d + 829. What is o(-22)?
15
Let b(r) = -100144*r - 1402014. What is b(-14)?
2
Let r(l) = -210*l**2 - 1021*l - 2041. Give r(-2).
-839
Let g(l) = -4*l**2 + 354*l - 3631. What is g(11)?
-221
Let v(l) = 693*l + 9473. Give v(-14).
-229
Let b(x) = -1433*x - 283744. Calculate b(-198).
-10
Let w(q) = 1045661*q - 3136980. Determine w(3).
3
Let k(u) = -u**2 + 90*u + 3978. Give k(-32).
74
Let g(j) = -j**3 + 99*j**2 + 538*j - 457. Give g(-6).
95
Let z(r) = -152*r - 7294. Determine z(-47).
-150
Let x(j) = 27*j**2 - 2118*j + 912. Calculate x(78).
-24
Let t(o) = -2*o**2 - 658*o + 8218. Give t(-341).
34
Let p(r) = 1362*r + 945066. Calculate p(-694).
-162
Let q(t) = -4*t**2 + 259*t - 4433. Calculate q(45).
-878
Let n(u) = -2026*u - 7910. What is n(-4)?
194
Let w(x) = -663211*x + 3316054. What is w(5)?
-1
Let m(p) = p**3 + 2*p**2 + 957. Give m(-11).
-132
Let k(r) = -18922*r - 113883. Give k(-6).
-351
Let g(j) = 3*j**3 - 3*j**2 - 27*j + 179. Calculate g(6).
557
Let f(s) = -2*s**3 - 59*s**2 - 14*s + 672. What is f(-29)?
237
Let p(i) = i**3 + 2077*i**2 - 550974*i + 946. Give p(238).
-6
Let g(v) = 7307*v + 146146. Determine g(-20).
6
Let z(i) = -577*i + 100988. Give z(175).
13
Let u(a) = 23912*a + 215223. Determine u(-9).
15
Let j(m) = -452*m + 129206. Determine j(286).
-66
Let a(z) = -59196*z + 7044396. What is a(119)?
72
Let s(x) = 48*x**3 + 74*x**2 - 128*x - 32. Determine s(2).
392
Let m(f) = 11*f**2 + 1707*f + 12976. Calculate m(-147).
-254
Let b(t) = -t**2 + 86*t - 2118. Determine b(38).
-294
Let b(f) = f**3 + 2*f**2 - 101*f + 77. What is b(-13)?
-469
Let u(g) = -57363*g - 458910. Give u(-8).
-6
Let j(g) = -7703*g - 246500. Determine j(-32).
-4
Let z(v) = -61*v**2 + 1996*v + 348. Calculate z(33).
-213
Let x(t) = 58*t + 11026. What is x(-188)?
122
Let i(w) = 4128*w - 2897848. What is i(702)?
8
Let a(p) = -4047*p - 246872. Give a(-61).
-5
Let y(q) = -2*q**2 + 435*q - 1819. Give y(213).
98
Let y(q) = q**2 + 407*q - 178083. Give y(265).
-3
Let x(d) = 6*d**2 + 7064*d - 28278. What is x(4)?
74
Let j(k) = 2715*k + 887937. What is j(-327)?
132
Let t(q) = 2175*q - 10716. What is t(5)?
159
Let m(o) = -141*o**2 + 37354*o + 2908. Calculate m(265).
-7
Let s(d) = -d**2 - 164*d - 141. Calculate s(-30).
3879
Let k(t) = -t**3 + 18*t**2 + 24*t - 234. Give k(17).
463
Let t(y) = 350*y + 22741. Calculate t(-65).
-9
Let w(m) = -2*m**3 - 85*m**2 - 51*m - 265. What is w(-42)?
113
Let m(n) = n**3 - 73*n**2 - 221*n - 67. What is m(76)?
465
Let w(p) = 159*p + 1358. Give w(-9).
-73
Let f(k) = -k**3 + 1774*k**2 - 104446*k - 80518. Determine f(1713).
-7
Let a(o) = o**2 - 137*o + 2927. Give a(32).
-433
Let w(z) = z**3 - 201*z**2 + 611*z - 3559. Calculate w(198).
-193
Let d(o) = 2258*o - 699847. Give d(310).
133
Let g(t) = 742*t - 109069. Calculate g(147).
5
Let f(a) = -1649*a - 47773. What is f(-29)?
48
Let i(n) = -27*n**2 - 1084*n - 275. What is i(-39)?
934
Let u(r) = -r**3 + 225*r**2 + 115153*r - 1390. Determine u(470).
20
Let c(t) = -1823*t**2 - 180478*t + 19. Determine c(-99).
118
Let m(z) = 1333*z + 147956. What is m(-111)?
-7
Let n(x) = -21*x**3 + 28*x**2 + 23*x + 19. What is n(2)?
9
Let g(j) = -24908*j - 29217085. Determine g(-1173).
-1
Let u(v) = -7574*v + 52533. What is u(7)?
-485
Let p(u) = -5184*u - 20315. Calculate p(-4).
421
Let z(c) = c**3 + 643*c**2 - 7178*c - 19. Give z(11).
157
Let r(x) = -x**3 - 137*x**2 + 33530*x - 96. What is r(127)?
158
Let c(p) = -p**2 + 198*p - 4934. Give c(49).
2367
Let s(r) = -358*r - 4618. Calculate s(-13).
36
Let b(k) = -46863*k - 562352. Give b(-12).
4
Let x(q) = q**3 + 411*q**2 + 12623*q + 187601. Determine x(-379).
-4
Let o(g) = 24166*g - 362679. Determine o(15).
-189
Let i(c) = 47909*c - 1389357. Calculate i(29).
4
Let i(u) = u**2 + 1312*u - 102561. Calculate i(74).
3
Let m(o) = 65362*o - 130937. Determine m(2).
-213
Let w(s) = 27*s**2 + 1620*s - 5103. Calculate w(3).
0
Let g(q) = -14*q**2 - 7759*q - 289385. Calculate g(-514).
-3
Let v(s) = 3*s**2 + 42*s - 1726. What is v(-28)?
-550
Let k(x) = -3*x**3 - 207*x**2 + 7409*x + 28. Calculate k(26).
2
Let x(g) = -333*g**2 - 25303*g + 390. Give x(-76).
10
Let g(h) = -h**3 - 10*h**2 + 168*h + 16. What is g(-19)?
73
Let n(y) = 6734*y + 61087. What is n(-9)?
481
Let p(f) = -252*f**2 + 875*f - 29. Calculate p(7).
-6252
Let s(d) = 2*d**2 + 2328*d + 25339. Determine s(-11).
-27
Let c(o) = -o**3 + 221*o**2 + 216*o + 1406. Calculate c(222).
74
Let p(y) = 3947*y - 27547. Give p(7).
82
Let l(m) = -8311*m + 240781. Determine l(29).
-238
Let r(k) = k**2 - 2144*k - 57150. Determine r(-27).
1467
Let o(l) = -l**3 - 52*l**2 - 710*l - 104. Determine o(-30).
1396
Let k(w) = -3*w**2 - 940*w - 6426. Give k(-7).
7
Let w(f) = -41*f - 7414. Give w(-174).
-280
Let b(q) = -q**3 - 12*q**2 - 5*q - 192. Calculate b(-13).
42
Let h(l) = 17*l**2 + 775*l - 4674. Determine h(-51).
18
Let c(v) = -23591*v + 235895. Calculate c(10).
-15
Let t(k) = -95*k**2 - 2722*k - 1725. Calculate t(-28).
11
Let o(w) = 14*w**2 - 650*w + 73. Give o(48).
1129
Let i(v) = v**3 + 27*v**2 + 169*v + 396. Calculate i(-6).
138
Let r(h) = -239*h**2 + 7404*h - 48. What is r(31)?
-203
Let f(c) = 588*c - 11728. Determine f(20).
32
Let g(t) = -480*t + 137237. What is g(290)?
-1963
Let u(n) = -n**2 - 12554*n + 175877. Give u(14).
-75
Let l(w) = 7774*w + 2378918. Calculate l(-306).
74
Let j(t) = -4*t**3 + 704*t**2 + 2*t - 321. Give j(176).
31
Let x(d) = -2*d**3 - 345*d**2 - 4428*d + 189. Give x(-14).
49
Let q(d) = d**3 + 25*d**2 + 161*d + 600. Determine q(-18).
-30
Let k(t) = -t**3 + 155*t**2 + 422*t + 7480. Determine k(158).
-736
Let u(l) = -l**3 + 203*l**2 + 217*l - 2805. Determine u(204).
-153
Let z(g) = -g**3 + 98*g**2 + 430*g - 23445. Calculate z(100).
-445
Let b(r) = -10*r**3 - 8*r**2 + 11*r - 5. Give b(1).
-12
Let j(l) = -5231*l**2 + 261576*l - 1308. Give j(50).
-8
Let m(t) = -951*t**2 - 278*t - 1. Determine m(-1).
-674
Let i(f) = -9*f**2 - 4011*f - 19687. Calculate i(-5).
143
Let q(i) = i**2 + 138615*i - 38. Give q(0).
-38
Let w(p) = -392*p + 2277. What is w(6)?
-75
Let u(i) = 152*i**2 + 26142*i - 753. Give u(-172).
-409
Let w(r) = -3665*r**2 - 29291*r + 222. Calculate w(-8).
-10
Let r(k) = k**3 + 78*k**2 + 288*k + 10343. Calculate r(-76).
7
Let w(m) = -51*m + 4636. What is w(91)?
-5
Let v(t) = 40349*t + 363133. What is v(-9)?
-8
Let d(a) = a**3 + 141*a**2 - 74*a - 1087. Determine d(3).
-13
Let m(s) = 2*s**3 + 597*s**2 - 3611*s - 990293. Calculate m(-299).
-5
Let n(l) = -l**3 + 5*l**2 - 29*l + 59. Calculate n(7).
-242
Let g(j) = 1693*j**2 + 126973*j - 164. Determine g(-75).
-14
Let c(u) = -70*u**2 - 537*u - 3714. Determine c(-7).
-3385
Let d(u) = 3099*u**3 + 5*u**2 - 114*u - 114. Determine d(-1).
-3094
Let n(q) = 2*q**3 - 267*q**2 - 144*q - 35. Calculate n(134).
-1375
Let f(b) = 11743*b + 58365. Calculate f(-5).
-350
Let o(y) = -10*y**3 + 159*y**2 - 14*y - 91. What is o(16)?
-571
Let f(b) = -1746*b - 18014. Give f(-8).
-4046
Let l(s) = -1046*s - 427753. Give l(-409).
61
Let k(t) = 348*t**2 - 90*t - 73. Calculate k(-1).
365
Let k(y) = -6*y**2 + 553*y + 364. Calculate k(0).
364
Let o(s) = -3963*s + 12543. Determine o(3).
654
Let a(w) = 877*w - 49184. What is a(56)?
-72
Let b(r) = -r**3 - 5*r**2 + 243*r + 1707. What is b(-7)?
104
Let w(h) = -8467*h**2 + 93140*h + 48. What is w(11)?
81
Let w(p) = 1651*p + 366559. Determine w(-222).
37
Let w(u) = -2*u**2 + 557*u - 36971. Calculate w(169).
40
Let y(g) = 187*g**2 + 495*g + 236. Give y(-2).
-6
Let b(g) = -g**2 - 1481*g - 456206. Give b(-437).
22
Let u(l) = -3423*l + 23976. Determine u(7).
15
Let r(a) = 43886*a + 394905. Determine r(-9).
-69
Let s(k) = k**3 + 27*k**2 + 49*k + 284. Calculate s(-26).
-314
Let i(c) = -35*c**2 + 226*c - 125. Calculate i(6).
-29
Let h(u) = -u**3 + 4*u**2 + 414*u + 543. Calculate h(-16).
-961
Let a(y) = -5*y**3 + 1428*y**2 + 407*y + 47187. Give a(286).
-3
Let z(s) = 2453*s - 95670. Give z(39).
-3
Let m(j) = -4574*j - 27437. What is m(-6)?
7
Let r(t) = 5903*t + 2125079. What is r(-360)?
-1